{"id":76,"date":"2023-07-24T14:13:56","date_gmt":"2023-07-24T12:13:56","guid":{"rendered":"http:\/\/zdnhrmq.cluster028.hosting.ovh.net\/?page_id=76"},"modified":"2023-07-27T12:44:35","modified_gmt":"2023-07-27T10:44:35","slug":"poppers","status":"publish","type":"page","link":"https:\/\/poppers-forum.com\/index.php\/poppers\/","title":{"rendered":"Poppers"},"content":{"rendered":"\n<hr class=\"wp-block-separator has-alpha-channel-opacity\"\/>\n\n\n<div class=\"wp-block-image\">\n<figure class=\"aligncenter size-full\"><img loading=\"lazy\" decoding=\"async\" width=\"1280\" height=\"416\" src=\"http:\/\/zdnhrmq.cluster028.hosting.ovh.net\/wp-content\/uploads\/2023\/07\/unnamed-2.png\" alt=\"\" class=\"wp-image-18\" srcset=\"https:\/\/poppers-forum.com\/wp-content\/uploads\/2023\/07\/unnamed-2.png 1280w, https:\/\/poppers-forum.com\/wp-content\/uploads\/2023\/07\/unnamed-2-300x98.png 300w, https:\/\/poppers-forum.com\/wp-content\/uploads\/2023\/07\/unnamed-2-1024x333.png 1024w, https:\/\/poppers-forum.com\/wp-content\/uploads\/2023\/07\/unnamed-2-768x250.png 768w\" sizes=\"auto, (max-width: 1280px) 100vw, 1280px\" \/><\/figure>\n<\/div>\n\n\n<p>Es gibt unglaublich viele verschiedene Poppers.<\/p>\n\n\n\n<p>Geschm\u00e4cker sind verschieden, und damit du ganz sicher das Richtige aussuchst, stellen wir dir hier unsere Poppers vor.<\/p>\n\n\n\n<hr class=\"wp-block-separator has-alpha-channel-opacity\"\/>\n\n\n\n<nav class=\"wp-block-table-of-contents\"><ol><li><a class=\"wp-block-table-of-contents__entry\" href=\"https:\/\/poppers-forum.com\/index.php\/poppers\/#a\">A<\/a><\/li><li><a class=\"wp-block-table-of-contents__entry\" href=\"https:\/\/poppers-forum.com\/index.php\/poppers\/#b\">B<\/a><\/li><li><a class=\"wp-block-table-of-contents__entry\" href=\"https:\/\/poppers-forum.com\/index.php\/poppers\/#c\">C<\/a><\/li><li><a class=\"wp-block-table-of-contents__entry\" href=\"https:\/\/poppers-forum.com\/index.php\/poppers\/#d\">D<\/a><\/li><li><a class=\"wp-block-table-of-contents__entry\" href=\"https:\/\/poppers-forum.com\/index.php\/poppers\/#e\">E<\/a><\/li><li><a class=\"wp-block-table-of-contents__entry\" href=\"https:\/\/poppers-forum.com\/index.php\/poppers\/#f\">F<\/a><\/li><li><a class=\"wp-block-table-of-contents__entry\" href=\"https:\/\/poppers-forum.com\/index.php\/poppers\/#g\">G<\/a><\/li><li><a class=\"wp-block-table-of-contents__entry\" href=\"https:\/\/poppers-forum.com\/index.php\/poppers\/#h\">H<\/a><\/li><li><a class=\"wp-block-table-of-contents__entry\" href=\"https:\/\/poppers-forum.com\/index.php\/poppers\/#i\">I<\/a><\/li><li><a class=\"wp-block-table-of-contents__entry\" href=\"https:\/\/poppers-forum.com\/index.php\/poppers\/#j\">J<\/a><\/li><li><a class=\"wp-block-table-of-contents__entry\" href=\"https:\/\/poppers-forum.com\/index.php\/poppers\/#k\">K<\/a><\/li><li><a class=\"wp-block-table-of-contents__entry\" href=\"https:\/\/poppers-forum.com\/index.php\/poppers\/#l\">L<\/a><\/li><li><a class=\"wp-block-table-of-contents__entry\" href=\"https:\/\/poppers-forum.com\/index.php\/poppers\/#m\">M<\/a><\/li><li><a class=\"wp-block-table-of-contents__entry\" href=\"https:\/\/poppers-forum.com\/index.php\/poppers\/#o\">O<\/a><\/li><li><a class=\"wp-block-table-of-contents__entry\" href=\"https:\/\/poppers-forum.com\/index.php\/poppers\/#p\">P<\/a><\/li><li><a class=\"wp-block-table-of-contents__entry\" href=\"https:\/\/poppers-forum.com\/index.php\/poppers\/#q\">Q<\/a><\/li><li><a class=\"wp-block-table-of-contents__entry\" href=\"https:\/\/poppers-forum.com\/index.php\/poppers\/#r\">R<\/a><\/li><li><a class=\"wp-block-table-of-contents__entry\" href=\"https:\/\/poppers-forum.com\/index.php\/poppers\/#s\">S<\/a><\/li><li><a class=\"wp-block-table-of-contents__entry\" href=\"https:\/\/poppers-forum.com\/index.php\/poppers\/#t\">T<\/a><\/li><li><a class=\"wp-block-table-of-contents__entry\" href=\"https:\/\/poppers-forum.com\/index.php\/poppers\/#u\">U<\/a><\/li><li><a class=\"wp-block-table-of-contents__entry\" href=\"https:\/\/poppers-forum.com\/index.php\/poppers\/#v\">V<\/a><\/li><li><a class=\"wp-block-table-of-contents__entry\" href=\"https:\/\/poppers-forum.com\/index.php\/poppers\/#w\">W<\/a><\/li><li><a class=\"wp-block-table-of-contents__entry\" href=\"https:\/\/poppers-forum.com\/index.php\/poppers\/#x\">X<\/a><\/li><\/ol><\/nav>\n\n\n\n<hr class=\"wp-block-separator has-alpha-channel-opacity\"\/>\n\n\n<h2 class=\"wp-block-heading\" id=\"a\">A<\/h2>\n\n\n<p class=\"tw-text-wide\">Alpha Super Strong: dich erwarten N\u00e4chte voll hemmungslosem Sex <\/p>\n\n\n\n<p class=\"tw-text-wide\">AMSTERDAM : dank seiner starken Zusammensetzung bestens f\u00fcr gro\u00dfe Toys oder BDSM-Sessions geeignet<\/p>\n\n\n\n<p class=\"tw-text-wide\">AMSTERDAM BLACK LABEL: Du willst auch die letzten Hemmungen loswerden? Dann empfehlen wir dieses Poppers. <\/p>\n\n\n\n<p class=\"tw-text-wide\">AMSTERDAM PRIDE: f\u00fcr ein Gef\u00fchl von Freiheit und Sorglosigkeit, genau wie sich die LGBTQ-Community speziell im PrideMonth f\u00fchlen sollte <\/p>\n\n\n\n<p class=\"tw-text-wide\">AMSTERDAM REVOLUTION: starkes Poppers speziell f\u00fcr Fisting- und BDSM-Liebhaber<\/p>\n\n\n\n<p class=\"tw-text-wide\">AMSTERDAM ULTRA STRONG: ein starkes und heftiges Poppers, das das Tier in dir entfesseln wird<\/p>\n\n\n\n<p class=\"tw-text-wide\">AMSTERDAM CHILL: &nbsp;Dieses Aroma wird dich so richtig wohlig warm entspannen und f\u00fcr jedes Toy gef\u00fcgig machen \u2013 von XS bis XXL \ud83d\ude09 f\u00fcr einen richtig gechillten sexy Abend<\/p>\n\n\n\n<p class=\"tw-text-wide\">AMSTERDAM SPECIAL MIX NEW DISTILLATION: trete neuen Erfahrungen entspannt und offen gegen\u00fcber mit diesem Aroma. &nbsp;<\/p>\n\n\n<h2 class=\"wp-block-heading\" id=\"b\">B<\/h2>\n\n\n<p>BAREBUDDY BLACK LABEL small &nbsp;<\/p>\n\n\n\n<p>BAREBUDDY PREMIUM small &nbsp;<\/p>\n\n\n\n<p>BAREBUDDY BLACK LABEL big &nbsp;<\/p>\n\n\n\n<p>BAREBUDDY PREMIUM big &nbsp;<\/p>\n\n\n\n<p>BB ORIGINAL small<\/p>\n\n\n\n<p>BB ORIGINAL big &nbsp;<\/p>\n\n\n\n<p>BEARS OWN STRONG AROMA &nbsp;<\/p>\n\n\n\n<p>BEAST ULTRA STRONG &nbsp;<\/p>\n\n\n\n<p>BERLIN HARD STRONG FORMULA small &nbsp;<\/p>\n\n\n\n<p>BERLIN HARD STRONG FORMULA big &nbsp;<\/p>\n\n\n\n<p>BERLIN XXX &#8211; UK Version &nbsp;<\/p>\n\n\n\n<p>BDSM ULTRA &nbsp;<\/p>\n\n\n\n<p>BDSM ULTRA big &nbsp;<\/p>\n\n\n\n<p>BIG JUNGLE JUICE BLACK LABEL &nbsp;<\/p>\n\n\n\n<p>BIG RUSH ULTRA STRONG &nbsp;<\/p>\n\n\n\n<p>BLACK TIGER small &nbsp;<\/p>\n\n\n\n<p>BLACK SKULL &nbsp;<\/p>\n\n\n\n<p>BLACK TIGER big &nbsp;<\/p>\n\n\n\n<p>BLUE BOY DARKROOM big &nbsp;<\/p>\n\n\n\n<p>BLUE LAD big &nbsp;<\/p>\n\n\n\n<p>BOOSTER POPPERS big &nbsp;<\/p>\n\n\n\n<p>BOTTOM &nbsp;<\/p>\n\n\n\n<p>BLACKOUT &nbsp;<\/p>\n\n\n\n<p>BLUE BOY DARKROOM small &nbsp;<\/p>\n\n\n\n<p>BLUE LAD small &nbsp;<\/p>\n\n\n<h2 class=\"wp-block-heading\" id=\"c\">C<\/h2>\n\n\n<p>COLT FUEL big &nbsp;<\/p>\n\n\n\n<p>COWBOY small &nbsp;<\/p>\n\n\n\n<p>COWBOY big &nbsp;<\/p>\n\n\n\n<p>CRAZY &nbsp;DEMON JUICE &nbsp;<\/p>\n\n\n<h2 class=\"wp-block-heading\" id=\"d\">D<\/h2>\n\n\n<p>DIABLO &nbsp;DOMINATOR BLACK &nbsp;<\/p>\n\n\n\n<p>DOMINATOR RED &nbsp;<\/p>\n\n\n<h2 class=\"wp-block-heading\" id=\"e\">E<\/h2>\n\n\n<p>ELIX PENTYL &nbsp;<\/p>\n\n\n\n<p>ENGLISH XTRA STRONG &nbsp;<\/p>\n\n\n<h2 class=\"wp-block-heading\" id=\"f\">F<\/h2>\n\n\n<p>FEVER &nbsp;<\/p>\n\n\n\n<p>FIST FUCK ULTRA STRONG big &nbsp;<\/p>\n\n\n\n<p>FIST STRONG big &nbsp;<\/p>\n\n\n\n<p>FIST FUCK ULTRA STRONG &nbsp;<\/p>\n\n\n\n<p>FIST STRONG small &nbsp;<\/p>\n\n\n\n<p>FLAG &nbsp;<\/p>\n\n\n\n<p>FUCK ME &nbsp;<\/p>\n\n\n\n<p>FUNLINE &nbsp;<\/p>\n\n\n<h2 class=\"wp-block-heading\" id=\"g\">G<\/h2>\n\n\n<p>GIRLY POWER<\/p>\n\n\n\n<p>GOLD RUSH big &nbsp;<\/p>\n\n\n\n<p>GOLD RUSH &nbsp;<\/p>\n\n\n\n<p>GREEN POWER small &nbsp;<\/p>\n\n\n<h2 class=\"wp-block-heading\" id=\"h\">H<\/h2>\n\n\n<p>HARDON ULTRA STRONG AROMA &nbsp;<\/p>\n\n\n\n<p>HARDWARE POPPERS &nbsp;<\/p>\n\n\n<h2 class=\"wp-block-heading\" id=\"i\">I<\/h2>\n\n\n<p>ICE MINT &nbsp;<\/p>\n\n\n\n<p>ICE RUSH &nbsp;<\/p>\n\n\n\n<p>INSIDE<\/p>\n\n\n\n<p>ION big &nbsp;<\/p>\n\n\n\n<p>IRON FIST &nbsp;<\/p>\n\n\n\n<blockquote class=\"wp-block-quote is-layout-flow wp-block-quote-is-layout-flow\">\n<p>schon etliches habe ich ausprobiert &#8211; immer wieder komme ich lustvoll auf IRON FIST zur\u00fcck. Kein anderes berauscht so m\u00e4chtig und macht so geil und weit!<\/p>\n<cite>Kundenmeinung<\/cite><\/blockquote>\n\n\n\n<p>IRON FIST BLACK LABEL &nbsp;<\/p>\n\n\n<h2 class=\"wp-block-heading\" id=\"j\">J<\/h2>\n\n\n<p>&nbsp;JAMAICA POWER small &nbsp;<\/p>\n\n\n\n<p>JOLT POPPERS BLAU &nbsp;<\/p>\n\n\n\n<p>JOLT POPPERS GOLD &nbsp;<\/p>\n\n\n\n<p>JOLT POPPERS ROT &nbsp;<\/p>\n\n\n\n<p>JOLT POPPERS SCHWARZ &nbsp;<\/p>\n\n\n\n<p>JOLT POPPERS SILBER &nbsp;<\/p>\n\n\n\n<p>JOLT POPPERS WEISS <\/p>\n\n\n\n<p>JUIC&#8217;D BLACK LABEL big &nbsp;<\/p>\n\n\n\n<p>JUIC&#8217;D BLACK LABEL small &nbsp;<\/p>\n\n\n\n<p>JUIC&#8217;D ORIGINAL small &nbsp;<\/p>\n\n\n\n<p>JUIC&#8217;D PLATINUM small &nbsp;<\/p>\n\n\n\n<p>JUIC&#8217;D ULTRA STRONG small &nbsp;<\/p>\n\n\n\n<p>JUIC&#8217;D ORIGINAL big &nbsp;<\/p>\n\n\n\n<p>JUIC&#8217;D PLATINUM big &nbsp;<\/p>\n\n\n\n<p>JUIC&#8217;D ULTRA STRONG big &nbsp;<\/p>\n\n\n\n<p>JUNGLE JUICE medium &nbsp;<\/p>\n\n\n\n<p>JUNGLE JUICE GOLD LABEL big &nbsp;<\/p>\n\n\n\n<p>JUNGLE JUICE PLATINUM big &nbsp;<\/p>\n\n\n\n<p>JUNGLE JUICE PLUS big &nbsp;<\/p>\n\n\n\n<p>JUNGLE JUICE ULTRA STRONG big &nbsp;<\/p>\n\n\n\n<p>JUNGLE JUICE BLACK LABEL small &nbsp;<\/p>\n\n\n\n<p>JUNGLE JUICE GOLD LABEL small &nbsp;<\/p>\n\n\n\n<p>JUNGLE JUICE small &nbsp;<\/p>\n\n\n\n<p>JUNGLE JUICE ULTRA STRONG &nbsp;<\/p>\n\n\n<h2 class=\"wp-block-heading\" id=\"k\">K<\/h2>\n\n\n<p>KINK EXTRA STRONG &nbsp;<\/p>\n\n\n<h2 class=\"wp-block-heading\" id=\"l\">L<\/h2>\n\n\n<p>LA TORRE FORTE &nbsp;<\/p>\n\n\n\n<p>LADY &nbsp;<\/p>\n\n\n\n<p>LIQUID BURNING big &nbsp;<\/p>\n\n\n\n<p>LIQUID BURNING small &nbsp;<\/p>\n\n\n\n<p>LIQUID GOLD &nbsp;<\/p>\n\n\n\n<p>LIQUID INCENSE &nbsp;<\/p>\n\n\n\n<p>LIQUID XL GOLD big &nbsp;<\/p>\n\n\n<h2 class=\"wp-block-heading\" id=\"m\">M<\/h2>\n\n\n<p>M &#8211; CLEANER small <\/p>\n\n\n\n<p>M &#8211; CLEANER big &nbsp;<\/p>\n\n\n\n<p>META PENTYL small <\/p>\n\n\n\n<p>META PENTYL big &nbsp;<\/p>\n\n\n\n<p>META PROPYL small &nbsp;<\/p>\n\n\n\n<p>META PROPYL big &nbsp;<\/p>\n\n\n<h2 class=\"wp-block-heading\" id=\"o\">O<\/h2>\n\n\n<p>OINK small &nbsp;<\/p>\n\n\n\n<p>OINK big &nbsp;<\/p>\n\n\n\n<p>ORGASMUS <\/p>\n\n\n\n<p>ORIGINAL big &nbsp;<\/p>\n\n\n\n<p>ORIGINAL AMSTERDAM GOLD &nbsp;<\/p>\n\n\n\n<p>ORIGINAL BROWN BOTTLE EXTRA STRONG small &nbsp;<\/p>\n\n\n\n<p>ORIGINAL HIGHRISE ULTRA STRONG &nbsp;<\/p>\n\n\n\n<p>OVERIDE &nbsp;PICK ME UP &nbsp;<\/p>\n\n\n<h2 class=\"wp-block-heading\" id=\"p\">P<\/h2>\n\n\n<p>PLATINUM EXTRA STRONG &nbsp;<\/p>\n\n\n\n<p>PULSE 2.0 &nbsp;PUR PENTYL &nbsp;<\/p>\n\n\n\n<p>PUSH BLACK LABEL small &nbsp;<\/p>\n\n\n\n<p>PUSH INCENSE &nbsp;<\/p>\n\n\n\n<p>PUSH ZERO small &nbsp;<\/p>\n\n\n<h2 class=\"wp-block-heading\" id=\"q\">Q<\/h2>\n\n\n<p>QUICKSILVER POPPERS small &nbsp;<\/p>\n\n\n\n<p>QUICKSILVER POPPERS big &nbsp;<\/p>\n\n\n<h2 class=\"wp-block-heading\" id=\"r\">R<\/h2>\n\n\n<p>RADIKAL RUSH BLACK LABEL small &nbsp;<\/p>\n\n\n\n<p>RADIKAL RUSH small &nbsp;<\/p>\n\n\n\n<p>RADIKAL RUSH big square bottle &nbsp;<\/p>\n\n\n\n<p>RADIKAL RUSH BLACK LABEL big square bottle &nbsp;<\/p>\n\n\n\n<p>RAM POPPERS &nbsp;<\/p>\n\n\n\n<p>RAVE &nbsp;<\/p>\n\n\n\n<p>RAW XXX STRENGTH &nbsp;<\/p>\n\n\n\n<p>RED BOOSTER &nbsp;<\/p>\n\n\n\n<p>RED BULLET &nbsp;<\/p>\n\n\n\n<p>RED DEVIL &nbsp;<\/p>\n\n\n\n<p>REDS &nbsp;<\/p>\n\n\n\n<p>RUSH big &nbsp;<\/p>\n\n\n\n<p>RUSH ULTRA STRONG &#8211; BLACK LABEL big &nbsp;<\/p>\n\n\n\n<p>RUSH ULTRA STRONG &#8211; GOLD LABEL big &nbsp;<\/p>\n\n\n\n<p>RUSH WHITE EDIT<\/p>\n\n\n\n<p>RUSH POPPERS &nbsp;<\/p>\n\n\n\n<p>RUSH ULTRA STRONG &nbsp;<\/p>\n\n\n\n<p>RUSH ULTRA STRONG &#8211; BLACK LABEL small &nbsp;<\/p>\n\n\n\n<p>RUSH ULTRA STRONG &#8211; GOLD LABEL small &nbsp;<\/p>\n\n\n\n<p>RUSH WHITE EDITION small &nbsp;<\/p>\n\n\n\n<p>RUSH ZERO small &nbsp;<\/p>\n\n\n\n<p>RUSH ZERO big &nbsp;<\/p>\n\n\n<h2 class=\"wp-block-heading\" id=\"s\">S<\/h2>\n\n\n<p>SCREAM &nbsp;<\/p>\n\n\n\n<p>SLAVE POPPERS &nbsp;<\/p>\n\n\n\n<p>SPUNK POWER PROPYL &nbsp;<\/p>\n\n\n\n<p>SQUIRT XTRA STRONG &nbsp;<\/p>\n\n\n\n<p>SUPER RUSH &nbsp;<\/p>\n\n\n\n<p>SUPER RUSH big &nbsp;<\/p>\n\n\n\n<p>SUPER RUSH BLACK LABEL small &nbsp;<\/p>\n\n\n\n<p>SUPER RUSH BLACK LABEL big &nbsp;<\/p>\n\n\n<h2 class=\"wp-block-heading\" id=\"t\">T<\/h2>\n\n\n<p>THROB HARD X &nbsp;<\/p>\n\n\n\n<p>TOP <\/p>\n\n\n\n<p>TRIBAL JUICE &nbsp;XL GOLD<\/p>\n\n\n<h2 class=\"wp-block-heading\" id=\"u\">U<\/h2>\n\n\n<p>ULTIMATE &nbsp;<\/p>\n\n\n<h2 class=\"wp-block-heading\" id=\"v\">V<\/h2>\n\n\n<p>VOODOO &nbsp;<\/p>\n\n\n<h2 class=\"wp-block-heading\" id=\"w\">W<\/h2>\n\n\n<p>WARRIOR SEX &nbsp;<\/p>\n\n\n\n<p>WINTER RUSH EDITION &nbsp;<\/p>\n\n\n<h2 class=\"wp-block-heading\" id=\"x\">X<\/h2>\n\n\n<p>XTRASH small<\/p>\n\n\n\n<p>XTRASH big<\/p>\n","protected":false},"excerpt":{"rendered":"<p>Es gibt unglaublich viele verschiedene Poppers. Geschm\u00e4cker sind verschieden, und damit du ganz sicher das Richtige aussuchst, stellen wir dir hier unsere Poppers vor. A Alpha Super Strong: dich erwarten N\u00e4chte voll hemmungslosem Sex AMSTERDAM : dank seiner starken Zusammensetzung bestens f\u00fcr gro\u00dfe Toys oder BDSM-Sessions geeignet AMSTERDAM BLACK LABEL: Du willst auch die letzten&hellip;<\/p>\n","protected":false},"author":2,"featured_media":0,"parent":0,"menu_order":0,"comment_status":"closed","ping_status":"closed","template":"","meta":{"footnotes":""},"class_list":["post-76","page","type-page","status-publish","hentry"],"yoast_head":"<!-- This site is optimized with the Yoast SEO plugin v20.13 - https:\/\/yoast.com\/wordpress\/plugins\/seo\/ -->\n<title>Poppers - Poppers Forum<\/title>\n<meta name=\"description\" content=\"Es gibt viele verschiedene Sorten von Poppers. Damit du dir das Richtige aussuchst, stellen wir sie dir vor.\" \/>\n<meta name=\"robots\" content=\"index, follow, max-snippet:-1, max-image-preview:large, max-video-preview:-1\" \/>\n<link rel=\"canonical\" href=\"https:\/\/poppers-forum.com\/index.php\/poppers\/\" \/>\n<meta property=\"og:locale\" content=\"de_DE\" \/>\n<meta property=\"og:type\" content=\"article\" \/>\n<meta property=\"og:title\" content=\"Poppers - Poppers Forum\" \/>\n<meta property=\"og:description\" content=\"Es gibt viele verschiedene Sorten von Poppers. Damit du dir das Richtige aussuchst, stellen wir sie dir vor.\" \/>\n<meta property=\"og:url\" content=\"https:\/\/poppers-forum.com\/index.php\/poppers\/\" \/>\n<meta property=\"og:site_name\" content=\"Poppers Forum\" \/>\n<meta property=\"article:modified_time\" content=\"2023-07-27T10:44:35+00:00\" \/>\n<meta property=\"og:image\" content=\"http:\/\/zdnhrmq.cluster028.hosting.ovh.net\/wp-content\/uploads\/2023\/07\/unnamed-2.png\" \/>\n<meta name=\"twitter:card\" content=\"summary_large_image\" \/>\n<meta name=\"twitter:label1\" content=\"Gesch\u00e4tzte Lesezeit\" \/>\n\t<meta name=\"twitter:data1\" content=\"4\u00a0Minuten\" \/>\n<script type=\"application\/ld+json\" class=\"yoast-schema-graph\">{\"@context\":\"https:\/\/schema.org\",\"@graph\":[{\"@type\":\"WebPage\",\"@id\":\"https:\/\/poppers-forum.com\/index.php\/poppers\/\",\"url\":\"https:\/\/poppers-forum.com\/index.php\/poppers\/\",\"name\":\"Poppers - Poppers Forum\",\"isPartOf\":{\"@id\":\"https:\/\/poppers-forum.com\/#website\"},\"datePublished\":\"2023-07-24T12:13:56+00:00\",\"dateModified\":\"2023-07-27T10:44:35+00:00\",\"description\":\"Es gibt viele verschiedene Sorten von Poppers. Damit du dir das Richtige aussuchst, stellen wir sie dir vor.\",\"breadcrumb\":{\"@id\":\"https:\/\/poppers-forum.com\/index.php\/poppers\/#breadcrumb\"},\"inLanguage\":\"de\",\"potentialAction\":[{\"@type\":\"ReadAction\",\"target\":[\"https:\/\/poppers-forum.com\/index.php\/poppers\/\"]}]},{\"@type\":\"BreadcrumbList\",\"@id\":\"https:\/\/poppers-forum.com\/index.php\/poppers\/#breadcrumb\",\"itemListElement\":[{\"@type\":\"ListItem\",\"position\":1,\"name\":\"Startseite\",\"item\":\"https:\/\/poppers-forum.com\/\"},{\"@type\":\"ListItem\",\"position\":2,\"name\":\"Poppers\"}]},{\"@type\":\"WebSite\",\"@id\":\"https:\/\/poppers-forum.com\/#website\",\"url\":\"https:\/\/poppers-forum.com\/\",\"name\":\"Poppers Forum\",\"description\":\"Mach dein Leben poppiger.\",\"publisher\":{\"@id\":\"https:\/\/poppers-forum.com\/#organization\"},\"potentialAction\":[{\"@type\":\"SearchAction\",\"target\":{\"@type\":\"EntryPoint\",\"urlTemplate\":\"https:\/\/poppers-forum.com\/?s={search_term_string}\"},\"query-input\":\"required name=search_term_string\"}],\"inLanguage\":\"de\"},{\"@type\":\"Organization\",\"@id\":\"https:\/\/poppers-forum.com\/#organization\",\"name\":\"Poppers Forum\",\"url\":\"https:\/\/poppers-forum.com\/\",\"logo\":{\"@type\":\"ImageObject\",\"inLanguage\":\"de\",\"@id\":\"https:\/\/poppers-forum.com\/#\/schema\/logo\/image\/\",\"url\":\"https:\/\/poppers-forum.com\/wp-content\/uploads\/2023\/07\/cropped-cropped-cropped-head.png\",\"contentUrl\":\"https:\/\/poppers-forum.com\/wp-content\/uploads\/2023\/07\/cropped-cropped-cropped-head.png\",\"width\":1680,\"height\":500,\"caption\":\"Poppers Forum\"},\"image\":{\"@id\":\"https:\/\/poppers-forum.com\/#\/schema\/logo\/image\/\"}}]}<\/script>\n<!-- \/ Yoast SEO plugin. -->","yoast_head_json":{"title":"Poppers - Poppers Forum","description":"Es gibt viele verschiedene Sorten von Poppers. Damit du dir das Richtige aussuchst, stellen wir sie dir vor.","robots":{"index":"index","follow":"follow","max-snippet":"max-snippet:-1","max-image-preview":"max-image-preview:large","max-video-preview":"max-video-preview:-1"},"canonical":"https:\/\/poppers-forum.com\/index.php\/poppers\/","og_locale":"de_DE","og_type":"article","og_title":"Poppers - Poppers Forum","og_description":"Es gibt viele verschiedene Sorten von Poppers. Damit du dir das Richtige aussuchst, stellen wir sie dir vor.","og_url":"https:\/\/poppers-forum.com\/index.php\/poppers\/","og_site_name":"Poppers Forum","article_modified_time":"2023-07-27T10:44:35+00:00","og_image":[{"url":"http:\/\/zdnhrmq.cluster028.hosting.ovh.net\/wp-content\/uploads\/2023\/07\/unnamed-2.png"}],"twitter_card":"summary_large_image","twitter_misc":{"Gesch\u00e4tzte Lesezeit":"4\u00a0Minuten"},"schema":{"@context":"https:\/\/schema.org","@graph":[{"@type":"WebPage","@id":"https:\/\/poppers-forum.com\/index.php\/poppers\/","url":"https:\/\/poppers-forum.com\/index.php\/poppers\/","name":"Poppers - Poppers Forum","isPartOf":{"@id":"https:\/\/poppers-forum.com\/#website"},"datePublished":"2023-07-24T12:13:56+00:00","dateModified":"2023-07-27T10:44:35+00:00","description":"Es gibt viele verschiedene Sorten von Poppers. Damit du dir das Richtige aussuchst, stellen wir sie dir vor.","breadcrumb":{"@id":"https:\/\/poppers-forum.com\/index.php\/poppers\/#breadcrumb"},"inLanguage":"de","potentialAction":[{"@type":"ReadAction","target":["https:\/\/poppers-forum.com\/index.php\/poppers\/"]}]},{"@type":"BreadcrumbList","@id":"https:\/\/poppers-forum.com\/index.php\/poppers\/#breadcrumb","itemListElement":[{"@type":"ListItem","position":1,"name":"Startseite","item":"https:\/\/poppers-forum.com\/"},{"@type":"ListItem","position":2,"name":"Poppers"}]},{"@type":"WebSite","@id":"https:\/\/poppers-forum.com\/#website","url":"https:\/\/poppers-forum.com\/","name":"Poppers Forum","description":"Mach dein Leben poppiger.","publisher":{"@id":"https:\/\/poppers-forum.com\/#organization"},"potentialAction":[{"@type":"SearchAction","target":{"@type":"EntryPoint","urlTemplate":"https:\/\/poppers-forum.com\/?s={search_term_string}"},"query-input":"required name=search_term_string"}],"inLanguage":"de"},{"@type":"Organization","@id":"https:\/\/poppers-forum.com\/#organization","name":"Poppers Forum","url":"https:\/\/poppers-forum.com\/","logo":{"@type":"ImageObject","inLanguage":"de","@id":"https:\/\/poppers-forum.com\/#\/schema\/logo\/image\/","url":"https:\/\/poppers-forum.com\/wp-content\/uploads\/2023\/07\/cropped-cropped-cropped-head.png","contentUrl":"https:\/\/poppers-forum.com\/wp-content\/uploads\/2023\/07\/cropped-cropped-cropped-head.png","width":1680,"height":500,"caption":"Poppers Forum"},"image":{"@id":"https:\/\/poppers-forum.com\/#\/schema\/logo\/image\/"}}]}},"_links":{"self":[{"href":"https:\/\/poppers-forum.com\/index.php\/wp-json\/wp\/v2\/pages\/76","targetHints":{"allow":["GET"]}}],"collection":[{"href":"https:\/\/poppers-forum.com\/index.php\/wp-json\/wp\/v2\/pages"}],"about":[{"href":"https:\/\/poppers-forum.com\/index.php\/wp-json\/wp\/v2\/types\/page"}],"author":[{"embeddable":true,"href":"https:\/\/poppers-forum.com\/index.php\/wp-json\/wp\/v2\/users\/2"}],"replies":[{"embeddable":true,"href":"https:\/\/poppers-forum.com\/index.php\/wp-json\/wp\/v2\/comments?post=76"}],"version-history":[{"count":15,"href":"https:\/\/poppers-forum.com\/index.php\/wp-json\/wp\/v2\/pages\/76\/revisions"}],"predecessor-version":[{"id":391,"href":"https:\/\/poppers-forum.com\/index.php\/wp-json\/wp\/v2\/pages\/76\/revisions\/391"}],"wp:attachment":[{"href":"https:\/\/poppers-forum.com\/index.php\/wp-json\/wp\/v2\/media?parent=76"}],"curies":[{"name":"wp","href":"https:\/\/api.w.org\/{rel}","templated":true}]}}